{"id":77,"date":"2022-04-04T14:30:26","date_gmt":"2022-04-04T12:30:26","guid":{"rendered":"https:\/\/tardismarketing.de\/coding\/?page_id=77"},"modified":"2022-04-04T14:30:26","modified_gmt":"2022-04-04T12:30:26","slug":"webseiten-starter-paket","status":"publish","type":"page","link":"https:\/\/tardismarketing.de\/coding\/webseiten-starter-paket\/","title":{"rendered":"Webseiten-Starter-Paket"},"content":{"rendered":"<h3>Was ist das Starter-Paket genau?<\/h3>\n<p>Ganz einfach: Wir erstellen f\u00fcr Sie eine professionelle Unternehmens-Webseite.<\/p>\n<p>Pauschal f\u00fcr<\/p>\n<p style=\"text-align: center\"><strong>500,00 \u20ac<\/strong><\/p>\n<p>In der Regel kosten Webseiten mindestens eine viertstellige Summe, und bei individueller Gestaltung kann es schnell noch teurer werden.<\/p>\n<p>Insbesondere f\u00fcr kleinere Unternehmen, Gesch\u00e4fte, Gastronomie etc. sind diese Kosten vor allem zu Beginn recht hoch.<\/p>\n<p>Mit uns erhalten Sie volle Planungs- und Kostensicherheit, und k\u00f6nnen sich entspannt anderen Aufgaben widmen.<\/p>\n<p><strong>Wir erstellen die Webseite f\u00fcr Sie:<\/strong><\/p>\n<ul>\n<li>technisch auf aktuell h\u00f6chstem Niveau. Dabei nutzen wir WordPress als CMS, so da\u00df Sie bequem Inhalte selbst\u00e4ndig und einfach bearbeiten und\/oder austauschen k\u00f6nnen. Es gibt also keine Zusatzkosten bzgl. des Contents. Hierzu gibt es selbstverst\u00e4ndlich eine Einarbeitung.<\/li>\n<li>wir achten auf eine \u00fcbersichtliche und nutzerfreundliche Struktur und Navigation unter Ber\u00fccksichtigung Ihrer Themenhierarchien.<\/li>\n<li>Design &amp; Layout werden ebenfalls h\u00f6chsten Standards entsprechen, aber auch Ihre pers\u00f6nlichen Pr\u00e4ferenzen wiedergeben.<\/li>\n<\/ul>\n<p>&nbsp;<\/p>\n<h3>Ich habe bereits eine Webseite &#8211; kann ich das Angebot dennoch nutzen?<\/h3>\n<p>Selbstverst\u00e4ndlich. Viele Unternehmen h\u00e4tten schon l\u00e4ngst einen Relaunch Ihrer Webseite vornehmen m\u00fcssen &#8211; aber scheuen Kosten und M\u00fchen daf\u00fcr.<\/p>\n<p>Wir definieren einen solchen Zustand ebenfalls als &#8222;Neustart&#8220;, so da\u00df Sie dieses Angebot ebenfalls nutzen k\u00f6nnen.<\/p>\n<h3>Wie erfolgt die Auftragsbearbeitung?<\/h3>\n<p>Wir setzen uns mit Ihnen zusammen, und besprechen den Umfang des Auftrages, sowie die notwendigen Schritte und Inhalte.<\/p>\n<p>Wir gehen die Erstellung dann gemeinsam an: Wir entwerfen das Layout, und Sie geben uns regelm\u00e4\u00dfig Feedback mit Ihren \u00c4nderungsw\u00fcnschen.<\/p>\n<h3>Skalierbarkeit:<\/h3>\n<p>Die Webseiten so derart gestaltet, da\u00df eine Skalierbarkeit jederzeit gegeben ist. So kann die Webseiten mit Ihrer Unternehmensentwicklung gemeinsam wachsen.<\/p>\n<h3>SEO-Optimierung:<\/h3>\n<p>Eine Webseite muss auch gefunden werden &#8211; in der Regel durch eine Google-Suche. Optimale Auffindbarkeit ist oft der Schl\u00fcssel zum Erfolg. Alle unsere Webseiten sind entsprechend inhaltlich und technisch perfekt darauf abgestimmt.<\/p>\n<h3>Kommen Zusatzkosten auf mich zu?<\/h3>\n<p>Ja, die kosten f\u00fcr Webspace, SSL-Zertifikat und Domain m\u00fcssen Sie selber tragen. Wir reden hier aber von ca. 10 \u2013 20\u20ac pro Monat. Wir beraten euch dazu aber ausf\u00fchrlich und finden den besten Anbieter f\u00fcr eure Zwecke. Sollte bereits Webspace etc. vorhanden sein, so wird die Installation der Webseite nat\u00fcrlich dort erfolgen.<\/p>\n<h3>Pauschal und trotzdem individuell<\/h3>\n<p>Auch wenn unser Angebot pauschale Kosten aufweist, so ist die Gestaltung und Struktur selbstverst\u00e4ndlich individuell. Sprich: Wir gehen auf Ihre W\u00fcnsch ein, nutzen ihr Corporate Design (sofern vorhanden), und orientieren uns an den f\u00fcr Sie\u00a0 essenziellen Anforderungen. Dabei arbeiten wir fortlaufend mit Ihnen zusammen.<\/p>\n<p>Sie kaufen also niemals &#8222;die Katze im Sack&#8220;.<\/p>\n<h3>Wie kann ich das Angebot nutzen?<\/h3>\n<p>Ganz einfach &#8211; schreiben Sie uns einfach eine Mail an kontakt@tardismarketing.de<\/p>\n<p>Oder nutzen das folgende Kontaktformular.<\/p>\n<p>Wir freuen uns auf eine spannende und gelungene Zusammenarbeit!<\/p>\n<p class=\"wpcf7-contact-form-not-found\"><strong>Fehler:<\/strong> Kontaktformular wurde nicht gefunden.<\/p>\n","protected":false},"excerpt":{"rendered":"<p>Was ist das Starter-Paket genau? Ganz einfach: Wir erstellen f\u00fcr Sie eine professionelle Unternehmens-Webseite. Pauschal f\u00fcr 500,00 \u20ac In der Regel kosten Webseiten mindestens eine viertstellige Summe, und bei individueller Gestaltung kann es schnell noch teurer werden. Insbesondere f\u00fcr kleinere Unternehmen, Gesch\u00e4fte, Gastronomie etc. sind diese Kosten vor allem zu Beginn recht hoch. Mit uns [&hellip;]<\/p>\n","protected":false},"author":1,"featured_media":88,"parent":0,"menu_order":0,"comment_status":"closed","ping_status":"closed","template":"","meta":{"footnotes":""},"class_list":["post-77","page","type-page","status-publish","has-post-thumbnail","hentry","entry"],"yoast_head":"<!-- This site is optimized with the Yoast SEO plugin v27.5 - https:\/\/yoast.com\/product\/yoast-seo-wordpress\/ -->\n<title>Webseiten-Starter-Paket - Coding<\/title>\n<meta name=\"robots\" content=\"index, follow, max-snippet:-1, max-image-preview:large, max-video-preview:-1\" \/>\n<link rel=\"canonical\" href=\"https:\/\/tardismarketing.de\/coding\/webseiten-starter-paket\/\" \/>\n<meta property=\"og:locale\" content=\"de_DE\" \/>\n<meta property=\"og:type\" content=\"article\" \/>\n<meta property=\"og:title\" content=\"Webseiten-Starter-Paket - Coding\" \/>\n<meta property=\"og:description\" content=\"Was ist das Starter-Paket genau? Ganz einfach: Wir erstellen f\u00fcr Sie eine professionelle Unternehmens-Webseite. Pauschal f\u00fcr 500,00 \u20ac In der Regel kosten Webseiten mindestens eine viertstellige Summe, und bei individueller Gestaltung kann es schnell noch teurer werden. Insbesondere f\u00fcr kleinere Unternehmen, Gesch\u00e4fte, Gastronomie etc. sind diese Kosten vor allem zu Beginn recht hoch. Mit uns [&hellip;]\" \/>\n<meta property=\"og:url\" content=\"https:\/\/tardismarketing.de\/coding\/webseiten-starter-paket\/\" \/>\n<meta property=\"og:site_name\" content=\"Coding\" \/>\n<meta property=\"og:image\" content=\"https:\/\/tardismarketing.de\/coding\/wp-content\/uploads\/sites\/2\/2022\/04\/business-2717063_1920.jpg\" \/>\n\t<meta property=\"og:image:width\" content=\"1920\" \/>\n\t<meta property=\"og:image:height\" content=\"1271\" \/>\n\t<meta property=\"og:image:type\" content=\"image\/jpeg\" \/>\n<meta name=\"twitter:card\" content=\"summary_large_image\" \/>\n<meta name=\"twitter:label1\" content=\"Gesch\u00e4tzte Lesezeit\" \/>\n\t<meta name=\"twitter:data1\" content=\"2\u00a0Minuten\" \/>\n<script type=\"application\/ld+json\" class=\"yoast-schema-graph\">{\"@context\":\"https:\\\/\\\/schema.org\",\"@graph\":[{\"@type\":\"WebPage\",\"@id\":\"https:\\\/\\\/tardismarketing.de\\\/coding\\\/webseiten-starter-paket\\\/\",\"url\":\"https:\\\/\\\/tardismarketing.de\\\/coding\\\/webseiten-starter-paket\\\/\",\"name\":\"Webseiten-Starter-Paket - Coding\",\"isPartOf\":{\"@id\":\"https:\\\/\\\/tardismarketing.de\\\/coding\\\/#website\"},\"primaryImageOfPage\":{\"@id\":\"https:\\\/\\\/tardismarketing.de\\\/coding\\\/webseiten-starter-paket\\\/#primaryimage\"},\"image\":{\"@id\":\"https:\\\/\\\/tardismarketing.de\\\/coding\\\/webseiten-starter-paket\\\/#primaryimage\"},\"thumbnailUrl\":\"https:\\\/\\\/tardismarketing.de\\\/coding\\\/wp-content\\\/uploads\\\/sites\\\/2\\\/2022\\\/04\\\/business-2717063_1920.jpg\",\"datePublished\":\"2022-04-04T12:30:26+00:00\",\"breadcrumb\":{\"@id\":\"https:\\\/\\\/tardismarketing.de\\\/coding\\\/webseiten-starter-paket\\\/#breadcrumb\"},\"inLanguage\":\"de\",\"potentialAction\":[{\"@type\":\"ReadAction\",\"target\":[\"https:\\\/\\\/tardismarketing.de\\\/coding\\\/webseiten-starter-paket\\\/\"]}]},{\"@type\":\"ImageObject\",\"inLanguage\":\"de\",\"@id\":\"https:\\\/\\\/tardismarketing.de\\\/coding\\\/webseiten-starter-paket\\\/#primaryimage\",\"url\":\"https:\\\/\\\/tardismarketing.de\\\/coding\\\/wp-content\\\/uploads\\\/sites\\\/2\\\/2022\\\/04\\\/business-2717063_1920.jpg\",\"contentUrl\":\"https:\\\/\\\/tardismarketing.de\\\/coding\\\/wp-content\\\/uploads\\\/sites\\\/2\\\/2022\\\/04\\\/business-2717063_1920.jpg\",\"width\":1920,\"height\":1271},{\"@type\":\"BreadcrumbList\",\"@id\":\"https:\\\/\\\/tardismarketing.de\\\/coding\\\/webseiten-starter-paket\\\/#breadcrumb\",\"itemListElement\":[{\"@type\":\"ListItem\",\"position\":1,\"name\":\"Startseite\",\"item\":\"https:\\\/\\\/tardismarketing.de\\\/coding\\\/\"},{\"@type\":\"ListItem\",\"position\":2,\"name\":\"Webseiten-Starter-Paket\"}]},{\"@type\":\"WebSite\",\"@id\":\"https:\\\/\\\/tardismarketing.de\\\/coding\\\/#website\",\"url\":\"https:\\\/\\\/tardismarketing.de\\\/coding\\\/\",\"name\":\"Coding\",\"description\":\"\",\"potentialAction\":[{\"@type\":\"SearchAction\",\"target\":{\"@type\":\"EntryPoint\",\"urlTemplate\":\"https:\\\/\\\/tardismarketing.de\\\/coding\\\/?s={search_term_string}\"},\"query-input\":{\"@type\":\"PropertyValueSpecification\",\"valueRequired\":true,\"valueName\":\"search_term_string\"}}],\"inLanguage\":\"de\"}]}<\/script>\n<!-- \/ Yoast SEO plugin. -->","yoast_head_json":{"title":"Webseiten-Starter-Paket - Coding","robots":{"index":"index","follow":"follow","max-snippet":"max-snippet:-1","max-image-preview":"max-image-preview:large","max-video-preview":"max-video-preview:-1"},"canonical":"https:\/\/tardismarketing.de\/coding\/webseiten-starter-paket\/","og_locale":"de_DE","og_type":"article","og_title":"Webseiten-Starter-Paket - Coding","og_description":"Was ist das Starter-Paket genau? Ganz einfach: Wir erstellen f\u00fcr Sie eine professionelle Unternehmens-Webseite. Pauschal f\u00fcr 500,00 \u20ac In der Regel kosten Webseiten mindestens eine viertstellige Summe, und bei individueller Gestaltung kann es schnell noch teurer werden. Insbesondere f\u00fcr kleinere Unternehmen, Gesch\u00e4fte, Gastronomie etc. sind diese Kosten vor allem zu Beginn recht hoch. Mit uns [&hellip;]","og_url":"https:\/\/tardismarketing.de\/coding\/webseiten-starter-paket\/","og_site_name":"Coding","og_image":[{"width":1920,"height":1271,"url":"https:\/\/tardismarketing.de\/coding\/wp-content\/uploads\/sites\/2\/2022\/04\/business-2717063_1920.jpg","type":"image\/jpeg"}],"twitter_card":"summary_large_image","twitter_misc":{"Gesch\u00e4tzte Lesezeit":"2\u00a0Minuten"},"schema":{"@context":"https:\/\/schema.org","@graph":[{"@type":"WebPage","@id":"https:\/\/tardismarketing.de\/coding\/webseiten-starter-paket\/","url":"https:\/\/tardismarketing.de\/coding\/webseiten-starter-paket\/","name":"Webseiten-Starter-Paket - Coding","isPartOf":{"@id":"https:\/\/tardismarketing.de\/coding\/#website"},"primaryImageOfPage":{"@id":"https:\/\/tardismarketing.de\/coding\/webseiten-starter-paket\/#primaryimage"},"image":{"@id":"https:\/\/tardismarketing.de\/coding\/webseiten-starter-paket\/#primaryimage"},"thumbnailUrl":"https:\/\/tardismarketing.de\/coding\/wp-content\/uploads\/sites\/2\/2022\/04\/business-2717063_1920.jpg","datePublished":"2022-04-04T12:30:26+00:00","breadcrumb":{"@id":"https:\/\/tardismarketing.de\/coding\/webseiten-starter-paket\/#breadcrumb"},"inLanguage":"de","potentialAction":[{"@type":"ReadAction","target":["https:\/\/tardismarketing.de\/coding\/webseiten-starter-paket\/"]}]},{"@type":"ImageObject","inLanguage":"de","@id":"https:\/\/tardismarketing.de\/coding\/webseiten-starter-paket\/#primaryimage","url":"https:\/\/tardismarketing.de\/coding\/wp-content\/uploads\/sites\/2\/2022\/04\/business-2717063_1920.jpg","contentUrl":"https:\/\/tardismarketing.de\/coding\/wp-content\/uploads\/sites\/2\/2022\/04\/business-2717063_1920.jpg","width":1920,"height":1271},{"@type":"BreadcrumbList","@id":"https:\/\/tardismarketing.de\/coding\/webseiten-starter-paket\/#breadcrumb","itemListElement":[{"@type":"ListItem","position":1,"name":"Startseite","item":"https:\/\/tardismarketing.de\/coding\/"},{"@type":"ListItem","position":2,"name":"Webseiten-Starter-Paket"}]},{"@type":"WebSite","@id":"https:\/\/tardismarketing.de\/coding\/#website","url":"https:\/\/tardismarketing.de\/coding\/","name":"Coding","description":"","potentialAction":[{"@type":"SearchAction","target":{"@type":"EntryPoint","urlTemplate":"https:\/\/tardismarketing.de\/coding\/?s={search_term_string}"},"query-input":{"@type":"PropertyValueSpecification","valueRequired":true,"valueName":"search_term_string"}}],"inLanguage":"de"}]}},"_links":{"self":[{"href":"https:\/\/tardismarketing.de\/coding\/wp-json\/wp\/v2\/pages\/77","targetHints":{"allow":["GET"]}}],"collection":[{"href":"https:\/\/tardismarketing.de\/coding\/wp-json\/wp\/v2\/pages"}],"about":[{"href":"https:\/\/tardismarketing.de\/coding\/wp-json\/wp\/v2\/types\/page"}],"author":[{"embeddable":true,"href":"https:\/\/tardismarketing.de\/coding\/wp-json\/wp\/v2\/users\/1"}],"replies":[{"embeddable":true,"href":"https:\/\/tardismarketing.de\/coding\/wp-json\/wp\/v2\/comments?post=77"}],"version-history":[{"count":0,"href":"https:\/\/tardismarketing.de\/coding\/wp-json\/wp\/v2\/pages\/77\/revisions"}],"wp:featuredmedia":[{"embeddable":true,"href":"https:\/\/tardismarketing.de\/coding\/wp-json\/wp\/v2\/media\/88"}],"wp:attachment":[{"href":"https:\/\/tardismarketing.de\/coding\/wp-json\/wp\/v2\/media?parent=77"}],"curies":[{"name":"wp","href":"https:\/\/api.w.org\/{rel}","templated":true}]}}